{"id":6169,"date":"2020-05-09T12:03:39","date_gmt":"2020-05-09T10:03:39","guid":{"rendered":"https:\/\/www.24hvttcrapauds.com\/AMSQ\/?page_id=6169"},"modified":"2026-02-10T18:49:46","modified_gmt":"2026-02-10T17:49:46","slug":"activites","status":"publish","type":"page","link":"https:\/\/www.24hvttcrapauds.com\/AMSQ\/","title":{"rendered":""},"content":{"rendered":"\n<div class=\"wp-block-columns is-layout-flex wp-container-core-columns-is-layout-9d6595d7 wp-block-columns-is-layout-flex\">\n<div class=\"wp-block-column is-layout-flow wp-block-column-is-layout-flow\">\n<figure class=\"wp-block-image size-large\"><a href=\"https:\/\/www.24hvttcrapauds.com\/AMSQ\/wp-content\/uploads\/2026\/02\/affiche-A3-V2-IA-scaled.png\"><img loading=\"lazy\" decoding=\"async\" width=\"724\" height=\"1024\" src=\"https:\/\/www.24hvttcrapauds.com\/AMSQ\/wp-content\/uploads\/2026\/02\/affiche-A3-V2-IA-724x1024.png\" alt=\"\" class=\"wp-image-10215\" srcset=\"https:\/\/www.24hvttcrapauds.com\/AMSQ\/wp-content\/uploads\/2026\/02\/affiche-A3-V2-IA-724x1024.png 724w, https:\/\/www.24hvttcrapauds.com\/AMSQ\/wp-content\/uploads\/2026\/02\/affiche-A3-V2-IA-212x300.png 212w, https:\/\/www.24hvttcrapauds.com\/AMSQ\/wp-content\/uploads\/2026\/02\/affiche-A3-V2-IA-768x1086.png 768w, https:\/\/www.24hvttcrapauds.com\/AMSQ\/wp-content\/uploads\/2026\/02\/affiche-A3-V2-IA-1086x1536.png 1086w, https:\/\/www.24hvttcrapauds.com\/AMSQ\/wp-content\/uploads\/2026\/02\/affiche-A3-V2-IA-1448x2048.png 1448w, https:\/\/www.24hvttcrapauds.com\/AMSQ\/wp-content\/uploads\/2026\/02\/affiche-A3-V2-IA-scaled.png 1810w\" sizes=\"auto, (max-width: 724px) 100vw, 724px\" \/><\/a><\/figure>\n\n\n\n<h2 class=\"wp-block-heading has-text-align-center\">Ecole VTT<\/h2>\n\n\n\n<figure class=\"wp-block-image size-full is-style-default\"><a href=\"https:\/\/www.24hvttcrapauds.com\/AMSQ\/wp-content\/uploads\/2025\/10\/rejoins-nous.jpg\"><img loading=\"lazy\" decoding=\"async\" width=\"1080\" height=\"1080\" src=\"https:\/\/www.24hvttcrapauds.com\/AMSQ\/wp-content\/uploads\/2025\/10\/rejoins-nous.jpg\" alt=\"\" class=\"wp-image-10016\" srcset=\"https:\/\/www.24hvttcrapauds.com\/AMSQ\/wp-content\/uploads\/2025\/10\/rejoins-nous.jpg 1080w, https:\/\/www.24hvttcrapauds.com\/AMSQ\/wp-content\/uploads\/2025\/10\/rejoins-nous-300x300.jpg 300w, https:\/\/www.24hvttcrapauds.com\/AMSQ\/wp-content\/uploads\/2025\/10\/rejoins-nous-1024x1024.jpg 1024w, https:\/\/www.24hvttcrapauds.com\/AMSQ\/wp-content\/uploads\/2025\/10\/rejoins-nous-150x150.jpg 150w, https:\/\/www.24hvttcrapauds.com\/AMSQ\/wp-content\/uploads\/2025\/10\/rejoins-nous-768x768.jpg 768w\" sizes=\"auto, (max-width: 1080px) 100vw, 1080px\" \/><\/a><\/figure>\n\n\n\n<p><strong>Les mercredis<\/strong> (hors vacances scolaires) de 13h45 \u00e0 16h30 pour les jeunes de 7 \u00e0 12 ans. Les jeunes n\u00e9s en 2013 peuvent venir mercredi et ou samedi \u00e0 partir de la rentr\u00e9e 2025.<br \/><br \/><strong>Les samedis<\/strong> (hors vacances scolaires) de 13h45 \u00e0 16h30 pour les jeunes de 13 \u00e0 18 ans<br \/>Rendez-vous au g\u00eete des crapauds \u00e0 Lessy \u00e0 13h 45.<br \/>Venez essayer, c&rsquo;est gratuit !!!<\/p>\n\n\n\n<p><strong>Renseignements Greg au 06.33.68.54.25<\/strong><\/p>\n\n\n<div class=\"wp-block-image is-style-default\">\n<figure class=\"aligncenter size-full is-resized\"><a href=\"https:\/\/www.24hvttcrapauds.com\/AMSQ\/wp-content\/uploads\/2025\/10\/amsq_logo-correct.png\"><img loading=\"lazy\" decoding=\"async\" width=\"550\" height=\"295\" src=\"https:\/\/www.24hvttcrapauds.com\/AMSQ\/wp-content\/uploads\/2025\/10\/amsq_logo-correct.png\" alt=\"\" class=\"wp-image-9969\" style=\"width:173px;height:auto\" srcset=\"https:\/\/www.24hvttcrapauds.com\/AMSQ\/wp-content\/uploads\/2025\/10\/amsq_logo-correct.png 550w, https:\/\/www.24hvttcrapauds.com\/AMSQ\/wp-content\/uploads\/2025\/10\/amsq_logo-correct-300x161.png 300w\" sizes=\"auto, (max-width: 550px) 100vw, 550px\" \/><\/a><\/figure>\n<\/div>\n\n\n<h2 class=\"wp-block-heading has-text-align-center\">Canicross<\/h2>\n\n\n<div class=\"wp-block-image is-style-rounded\">\n<figure class=\"aligncenter size-full is-resized\"><a href=\"https:\/\/www.24hvttcrapauds.com\/AMSQ\/wp-content\/uploads\/2025\/10\/canicross-rentree-25.jpg\"><img loading=\"lazy\" decoding=\"async\" width=\"1600\" height=\"1200\" src=\"https:\/\/www.24hvttcrapauds.com\/AMSQ\/wp-content\/uploads\/2025\/10\/canicross-rentree-25.jpg\" alt=\"\" class=\"wp-image-9967\" style=\"width:322px;height:auto\" srcset=\"https:\/\/www.24hvttcrapauds.com\/AMSQ\/wp-content\/uploads\/2025\/10\/canicross-rentree-25.jpg 1600w, https:\/\/www.24hvttcrapauds.com\/AMSQ\/wp-content\/uploads\/2025\/10\/canicross-rentree-25-300x225.jpg 300w, https:\/\/www.24hvttcrapauds.com\/AMSQ\/wp-content\/uploads\/2025\/10\/canicross-rentree-25-1024x768.jpg 1024w, https:\/\/www.24hvttcrapauds.com\/AMSQ\/wp-content\/uploads\/2025\/10\/canicross-rentree-25-768x576.jpg 768w, https:\/\/www.24hvttcrapauds.com\/AMSQ\/wp-content\/uploads\/2025\/10\/canicross-rentree-25-1536x1152.jpg 1536w\" sizes=\"auto, (max-width: 1600px) 100vw, 1600px\" \/><\/a><\/figure>\n<\/div>\n\n\n<div class=\"wp-block-group is-nowrap is-layout-flex wp-container-core-group-is-layout-ad2f72ca wp-block-group-is-layout-flex\">\n<p>Section pour nos amis \u00e0 deux et quatre pattes.<br \/>Sorties r\u00e9guli\u00e8res et convivialit\u00e9 garantie.<br \/>Canicross, canivtt, canimarche.<br \/>Sorties r\u00e9guli\u00e8res les mercredis soirs et dimanches matins.<br \/>Ouvert \u00e0 toutes les races de chiens, m\u00eame les petits.<br \/>Venez tester c&rsquo;est gratuit !!! <\/p>\n<\/div>\n\n\n\n<p><strong>Renseignements St\u00e9phane au 06.69.07.35.07<\/strong><\/p>\n\n\n<div class=\"wp-block-image\">\n<figure class=\"aligncenter size-full is-resized\"><a href=\"https:\/\/www.24hvttcrapauds.com\/AMSQ\/wp-content\/uploads\/2025\/10\/Logo-FFSLC-Ministere.png\"><img loading=\"lazy\" decoding=\"async\" width=\"945\" height=\"472\" src=\"https:\/\/www.24hvttcrapauds.com\/AMSQ\/wp-content\/uploads\/2025\/10\/Logo-FFSLC-Ministere.png\" alt=\"\" class=\"wp-image-9979\" style=\"width:240px;height:auto\" srcset=\"https:\/\/www.24hvttcrapauds.com\/AMSQ\/wp-content\/uploads\/2025\/10\/Logo-FFSLC-Ministere.png 945w, https:\/\/www.24hvttcrapauds.com\/AMSQ\/wp-content\/uploads\/2025\/10\/Logo-FFSLC-Ministere-300x150.png 300w, https:\/\/www.24hvttcrapauds.com\/AMSQ\/wp-content\/uploads\/2025\/10\/Logo-FFSLC-Ministere-768x384.png 768w\" sizes=\"auto, (max-width: 945px) 100vw, 945px\" \/><\/a><\/figure>\n<\/div>\n\n\n<div class=\"wp-block-buttons is-content-justification-center is-layout-flex wp-container-core-buttons-is-layout-16018d1d wp-block-buttons-is-layout-flex\">\n<div class=\"wp-block-button has-custom-width wp-block-button__width-75\"><a class=\"wp-block-button__link has-vivid-red-background-color has-background has-text-align-center wp-element-button\" href=\"https:\/\/www.24hvttcrapauds.com\/AMSQ\/inscription-2025-2026\/\" target=\"_blank\" rel=\"noreferrer noopener\">Adh\u00e9rer au Club<\/a><\/div>\n<\/div>\n<\/div>\n\n\n\n<div class=\"wp-block-column is-layout-flow wp-block-column-is-layout-flow\">\n<p>Venez participer \u00e0 notre nouvel \u00e9v\u00e9nement VTT GRAVEL VTTAE !!!<br \/>Il y en aura pour tous les go\u00fbts, de 7 \u00e0 77 ans, de la rando tranquille au marathon, du technique et du moins technique.<\/p>\n\n\n\n<div class=\"wp-block-brad-border-box\">\t\t\t<iframe\n\t\t\t\tid=\"idIframe\"\n\t\t\t\tsrc=\"https:\/\/www.helloasso.com\/associations\/aventure-mont-saint-quentin\/evenements\/nouvelle-manifestation\/widget-bouton\"\n\t\t\t\theight=70px\"\t\t\t\twidth=200px\"\t\t\t\tframeborder=\"0\"\n\t\t\t\tloading=\"lazy\"\n\t\t\t\tallowtransparency=\"true\"\n\t\t\t\tonload=\"resizeIframeMessage()\"><\/iframe>\n<\/div>\n\n\n\n<h2 class=\"wp-block-heading has-text-align-center\">Sorties adultes VTT \/ VTTAE<\/h2>\n\n\n<div class=\"wp-block-image is-style-default\">\n<figure class=\"aligncenter size-large\"><a href=\"https:\/\/www.24hvttcrapauds.com\/AMSQ\/wp-content\/uploads\/2025\/10\/portes-ouvertes.jpg\"><img loading=\"lazy\" decoding=\"async\" width=\"1024\" height=\"1024\" src=\"https:\/\/www.24hvttcrapauds.com\/AMSQ\/wp-content\/uploads\/2025\/10\/portes-ouvertes-1024x1024.jpg\" alt=\"\" class=\"wp-image-10017\" srcset=\"https:\/\/www.24hvttcrapauds.com\/AMSQ\/wp-content\/uploads\/2025\/10\/portes-ouvertes-1024x1024.jpg 1024w, https:\/\/www.24hvttcrapauds.com\/AMSQ\/wp-content\/uploads\/2025\/10\/portes-ouvertes-300x300.jpg 300w, https:\/\/www.24hvttcrapauds.com\/AMSQ\/wp-content\/uploads\/2025\/10\/portes-ouvertes-150x150.jpg 150w, https:\/\/www.24hvttcrapauds.com\/AMSQ\/wp-content\/uploads\/2025\/10\/portes-ouvertes-768x768.jpg 768w, https:\/\/www.24hvttcrapauds.com\/AMSQ\/wp-content\/uploads\/2025\/10\/portes-ouvertes.jpg 1080w\" sizes=\"auto, (max-width: 1024px) 100vw, 1024px\" \/><\/a><\/figure>\n<\/div>\n\n\n<p><strong>Les samedis<\/strong> de 13h45 \u00e0 16h30 pour tous les niveaux, plusieurs groupes. VTT VTTAE accept\u00e9s.<br \/>Nos sorties se font par groupe en fonction des envies et des niveaux de chacun. Niveau rando tranquille \u00e0 enduriste confirm\u00e9.<br \/><br \/><strong>Les dimanches <\/strong>de 9h00 \u00e0 12h pour tous les niveaux, plusieurs groupes possibles.<br \/>Rendez-vous au g\u00eete des crapauds \u00e0 Lessy.<br \/>Venez essayer, c&rsquo;est gratuit !!!<\/p>\n\n\n\n<p><strong>Renseignements Ben au 06.15.11.15.30<\/strong><\/p>\n\n\n<div class=\"wp-block-image\">\n<figure class=\"aligncenter size-full\"><a href=\"https:\/\/www.24hvttcrapauds.com\/AMSQ\/wp-content\/uploads\/2018\/06\/logo.png\"><img loading=\"lazy\" decoding=\"async\" width=\"296\" height=\"82\" src=\"https:\/\/www.24hvttcrapauds.com\/AMSQ\/wp-content\/uploads\/2018\/06\/logo.png\" alt=\"\" class=\"wp-image-4415\"\/><\/a><\/figure>\n<\/div>\n\n\n<h2 class=\"wp-block-heading has-text-align-center\">S\u00e9jour Club<\/h2>\n\n\n<div class=\"wp-block-image is-style-rounded\">\n<figure class=\"aligncenter size-large\"><a href=\"https:\/\/www.24hvttcrapauds.com\/AMSQ\/wp-content\/uploads\/2025\/10\/sejour-club.jpg\"><img loading=\"lazy\" decoding=\"async\" width=\"1024\" height=\"473\" src=\"https:\/\/www.24hvttcrapauds.com\/AMSQ\/wp-content\/uploads\/2025\/10\/sejour-club-1024x473.jpg\" alt=\"\" class=\"wp-image-9970\" srcset=\"https:\/\/www.24hvttcrapauds.com\/AMSQ\/wp-content\/uploads\/2025\/10\/sejour-club-1024x473.jpg 1024w, https:\/\/www.24hvttcrapauds.com\/AMSQ\/wp-content\/uploads\/2025\/10\/sejour-club-300x139.jpg 300w, https:\/\/www.24hvttcrapauds.com\/AMSQ\/wp-content\/uploads\/2025\/10\/sejour-club-768x355.jpg 768w, https:\/\/www.24hvttcrapauds.com\/AMSQ\/wp-content\/uploads\/2025\/10\/sejour-club-1536x709.jpg 1536w, https:\/\/www.24hvttcrapauds.com\/AMSQ\/wp-content\/uploads\/2025\/10\/sejour-club.jpg 2040w\" sizes=\"auto, (max-width: 1024px) 100vw, 1024px\" \/><\/a><\/figure>\n<\/div>\n\n\n<p>Un s\u00e9jour annuel organis\u00e9 pour les membres du club dans le sud pendant les vacances de printemps.<br \/>Ouvert \u00e0 tous, familles comprises.<\/p>\n\n\n\n<h1 class=\"wp-block-heading\">Weekends club<\/h1>\n\n\n\n<p>Des weekend dans les Vosges avec du ride et des potes  et ou des chiens pour s&rsquo;amuser, d\u00e9couvrir de nouveux parcours et partager des moments de convivialit\u00e9.<\/p>\n<\/div>\n<\/div>\n\n\n\n<p><\/p>\n","protected":false},"excerpt":{"rendered":"<p>Ecole VTT Les mercredis (hors vacances scolaires) de 13h45 \u00e0 16h30 pour les jeunes de 7 \u00e0 12 ans. Les jeunes n\u00e9s en 2013 peuvent &hellip; <\/p>\n","protected":false},"author":2,"featured_media":0,"parent":0,"menu_order":0,"comment_status":"closed","ping_status":"closed","template":"","meta":{"footnotes":""},"class_list":["post-6169","page","type-page","status-publish","hentry"],"_links":{"self":[{"href":"https:\/\/www.24hvttcrapauds.com\/AMSQ\/wp-json\/wp\/v2\/pages\/6169","targetHints":{"allow":["GET"]}}],"collection":[{"href":"https:\/\/www.24hvttcrapauds.com\/AMSQ\/wp-json\/wp\/v2\/pages"}],"about":[{"href":"https:\/\/www.24hvttcrapauds.com\/AMSQ\/wp-json\/wp\/v2\/types\/page"}],"author":[{"embeddable":true,"href":"https:\/\/www.24hvttcrapauds.com\/AMSQ\/wp-json\/wp\/v2\/users\/2"}],"replies":[{"embeddable":true,"href":"https:\/\/www.24hvttcrapauds.com\/AMSQ\/wp-json\/wp\/v2\/comments?post=6169"}],"version-history":[{"count":26,"href":"https:\/\/www.24hvttcrapauds.com\/AMSQ\/wp-json\/wp\/v2\/pages\/6169\/revisions"}],"predecessor-version":[{"id":10217,"href":"https:\/\/www.24hvttcrapauds.com\/AMSQ\/wp-json\/wp\/v2\/pages\/6169\/revisions\/10217"}],"wp:attachment":[{"href":"https:\/\/www.24hvttcrapauds.com\/AMSQ\/wp-json\/wp\/v2\/media?parent=6169"}],"curies":[{"name":"wp","href":"https:\/\/api.w.org\/{rel}","templated":true}]}}